(i). Suppose -3*t + d = -394. List the prime factors of t.
3, 5
Let q(v) = -12*v**2 - 27*v + 15. Let k(m) = 13*m**2 + 26*m - 13. Let d(r) = -2*k(r) - 3*q(r). List the prime factors of d(8).
853
Suppose 0 = -12*t + 72147 + 13277 + 68560. What are the prime factors of t?
2, 401
Let j(g) = -g**2 - 9*g + 74. Let a be j(-14). Suppose a*t - 488 - 176 = 0. List the prime factors of t.
2, 83
Suppose 3*w - 204340 = -5*k, -35663 - 5207 = -k - w. List the prime factors of k.
5, 11, 743
Let z = 944 + -4088. Let r be 4/(-30) + z/45. Let h = -35 - r. List the prime factors of h.
5, 7
What are the prime factors of (13 + (-24)/4)*(-46838)/(-14)?
11, 2129
Let g(s) = -176*s - 178*s + 5*s**2 + 348*s - 5 + 7*s**3. List the prime factors of g(3).
211
Suppose 73*j = 306320 - 48046. List the prime factors of j.
2, 29, 61
Let a = 3 + -7. Let j be (a - -3) + (8 + 0 - 2). Suppose 3*y - 11 = -j*s, y - s = 3*s + 15. List the prime factors of y.
7
Let o be 1*(4 + 0 - 7). Let b be (-78)/65*(307/o - 1). Let t = b - -61. List the prime factors of t.
5, 37
Let f(p) = -p**3 + 13*p**2 + 29*p + 17. Let v be f(15). Suppose v*a + i = -3*i, 5*a = -i. Suppose -4*l + 5*l - 113 = a. List the prime factors of l.
113
Let c(w) = -8*w**2 + 21*w - 7. Let y(v) = 9*v**2 - 21*v + 7. Let q(i) = -7*c(i) - 6*y(i). Suppose 1 = -3*g + 37. What are the prime factors of q(g)?
43
Let q be -1*2/(-4)*1*0. Suppose 4*y = -5*r + 5, -3*y + r + 0*r - 1 = q. Suppose 0 = -7*m + 28 - y. List the prime factors of m.
2
Suppose 20*z - 4358 = 10982. Let i = -310 + z. What are the prime factors of i?
457
Let i = 168 - 165. What are the prime factors of -1 + i + 286 + (-11)/1?
277
Suppose 7*q - 48 = -5*q. Suppose -q*n + 16 = 0, 5*y + n = -4*n + 1870. List the prime factors of y.
2, 5, 37
What are the prime factors of (6 - -12)/3 + 7176?
2, 3, 7, 19
Suppose -8128584 = 133*d - 365*d. List the prime factors of d.
3, 17, 229
Let x(p) = 7*p + 4 - 92 - 3 + 4 + 38. Let o = 6 + 13. What are the prime factors of x(o)?
2, 3, 7
Suppose 2*z + 16 - 12 = 0. Let q be (340/6 - -4)/(z/(-3)). Let y = 255 - q. What are the prime factors of y?
2, 41
Let w(f) = -856*f**2 - 5*f + 4. Suppose -10*m = -8*m - 8. Let x be w(m). List the prime factors of (-2)/9 - x/144.
5, 19
Let n = -27 - -64. Suppose 0 = o + 61 - n. Let q = o - -47. What are the prime factors of q?
23
What are the prime factors of ((-56)/140)/(8/(-771140)) - 1?
2, 3, 7, 17
Let j be (756/(-35))/((-3)/(-20)). Let y = j - -185. List the prime factors of y.
41
Suppose 8*v - 11*v + 594 = 0. Let n = -38 + v. List the prime factors of n.
2, 5
Suppose -4*f + 26 = 18. Suppose -f*o - v = -2119, -5*v + 2 = -3*v. List the prime factors of o.
3, 353
Suppose m + 26 = 4*q, -q = 2*m + 3 - 14. Suppose 5*s - q = 293. What are the prime factors of s?
2, 3, 5
List the prime factors of ((-236)/3)/((6/75)/((-48)/40)).
2, 5, 59
Let x = 219 - 209. What are the prime factors of (-115)/(-46)*7504/x?
2, 7, 67
Suppose -3*x + 5*n + 151420 = 0, 11*n - 151390 = -3*x + 10*n. What are the prime factors of x?
5, 10093
Let s(n) = -7*n**3 - 13*n - 9*n**3 + 17*n**3 + 23*n**2 + 65. List the prime factors of s(-23).
2, 7, 13
Suppose -39 - 221 = -5*s. Let y = 55 - s. Suppose -630 = -y*v - 3*v. List the prime factors of v.
3, 5, 7
Let f(d) = d**3 + 111 - 7*d**2 + 15*d**2 + 17*d + d - 106. Let z be f(-8). Let b = 202 + z. List the prime factors of b.
3, 7
Suppose -3 = -2*a + 3*h, -2 = 17*a - 19*a + 2*h. Suppose -4*i + 1444 + 896 = a. List the prime factors of i.
3, 5, 13
Suppose 5*r = 20*r - 15. Suppose -u - r = 0, -4*d + 841 = 5*u - 1642. What are the prime factors of d?
2, 311
Suppose 0 = 33*z - 180009 - 24591. List the prime factors of z.
2, 5, 31
Let s = 31709 + -20884. What are the prime factors of s?
5, 433
Let q(b) = 689*b - 1530. What are the prime factors of q(9)?
3, 173
Let a(k) = -k. Let g be a(4). Let t be (g - -79) + 2 - -4. Let n = t - 17. What are the prime factors of n?
2
Let v be ((-6)/15)/(5/(-50)). Suppose 4*g - 3*x - 24 = x, -g + 3*x = -8. Suppose g*h + o - 244 = 2*o, -5*h = v*o - 224. What are the prime factors of h?
2, 3
Let k = -42 + 46. Suppose 5*d = 6*d - k. List the prime factors of (3 - 5)/(d/(-78)).
3, 13
Let o(f) = -256*f - 25. Let t(n) = n**3 + 22*n**2 - 25*n - 48. Let m be t(-23). List the prime factors of o(m).
487
Let d = 21039 - 12953. List the prime factors of d.
2, 13, 311
Let b(t) = 4*t**2 - 16. Suppose 4*d - 2*g + 5*g = -40, -2*d - 4*g - 30 = 0. Let r(s) = -s**2 - 16*s - 55. Let c be r(d). What are the prime factors of b(c)?
2, 3, 5
Suppose 5*d + 52 + 68 = 0. What are the prime factors of (d - -1224) + (5 - 0)?
5, 241
Suppose -11*b = -6*b + 5*l - 196350, b = 5*l + 39300. What are the prime factors of b?
5, 1571
Suppose 2*b + 2*y + 10 = -2*b, 2*b - 15 = 3*y. Suppose 5*n - 11*n = -246. Suppose b = -3*r + 4*r - n. List the prime factors of r.
41
Suppose -4*j + 85 = -t, -110 = -5*j - 76*t + 81*t. List the prime factors of ((-7)/j)/((-6)/9684).
2, 269
Let g(y) = y**3 - 29*y**2 - 3*y + 89. Let m be g(29). What are the prime factors of -2626*(-1)/2 - m?
3, 19, 23
Let y = -19 - -19. Suppose 2*p - 1611 - 141 = y. List the prime factors of p.
2, 3, 73
List the prime factors of ((-5225)/100)/(9/(-2700)).
3, 5, 11, 19
What are the prime factors of (-27420)/((-2)/((-4)/(-3)))?
2, 5, 457
Suppose 5*m = -3*t + 1440, 0 = m - t - 3 - 293. What are the prime factors of m?
3, 97
Let f be 823 + (-6)/18*-3. Suppose -4 = w + k - 279, -3*w = 2*k - f. List the prime factors of w.
2, 137
Suppose -20*j + 101*j = 70956. What are the prime factors of j?
2, 3, 73
Let t(c) = c**3 + 3*c**2 - 10*c + 10. Let p be t(-5). Suppose -p*n = 6*n - 6288. List the prime factors of n.
3, 131
Suppose 2*z = 0, 7*v - 10*v = -3*z - 750. Let i = v - 108. What are the prime factors of i?
2, 71
Let s(j) = -2647*j**3 - j**2 - 30*j + 9. What are the prime factors of s(-3)?
3, 7951
Suppose -45*t + 40*t = 35. What are the prime factors of (-13)/((-3 - t)/(-16))?
2, 13
Suppose 5*i + 101 = a - 28, 4*a = -3*i + 631. Let h = 322 - a. What are the prime factors of h?
2, 3, 7
Let u = -5 + 12. Let r(w) = 4*w - 23. Let k be r(u). Suppose -k*b - 25 = 0, 4*d = -2*b + 6*b + 332. What are the prime factors of d?
2, 3, 13
Let f = 34134 + 179. List the prime factors of f.
34313
Suppose -2*z + 6 = z - d, -4*z - d + 1 = 0. List the prime factors of 126 + 8 + (-6 - z).
127
Let y(v) be the first derivative of 143*v**2/2 - 264*v - 41. List the prime factors of y(15).
3, 11, 19
Let b(a) = 1581*a + 529. What are the prime factors of b(9)?
2, 47, 157
Suppose 2*y = 5865 + 7545. List the prime factors of y.
3, 5, 149
Let f be (1 - -179)*(23 - (-2 + 12)). Let r = f + -1606. What are the prime factors of r?
2, 367
Suppose -i = -8*i + 21. Suppose -i*l = 4*f - 784, 4*f - 1044 = l - 5*l. List the prime factors of l.
2, 5, 13
Let a(h) = -6*h + 6. Let i be a(6). Let y = i - -68. Suppose b + b = y. List the prime factors of b.
19
Let k(p) = 2*p**3 + 240*p**2 - 6*p - 1143. List the prime factors of k(-119).
27893
Let n(x) = x**3 - 17*x**2 - 67*x + 116. List the prime factors of n(24).
2, 5, 127
Let o(t) = -4406*t - 2008. What are the prime factors of o(-8)?
2, 3, 5, 277
Let m be 2/(33/(-11) - 70/(-22)). Suppose 3*q - 2*u = -m, -3 = -u - 2*u. What are the prime factors of (q/6)/(3 + (-1029)/342)?
3, 19
Suppose -4*j + 32 = l - 5, 4*j - 47 = -3*l. Suppose j + 0 = 2*x. Suppose -3*a - u = -x*u - 330, -5*a = -2*u - 565. What are the prime factors of a?
5, 23
What are the prime factors of (190/(-152))/((-5)/35848)?
2, 4481
Suppose 0 = 23*o - 19*o - 5*i - 140769, -i = -3*o + 105574. List the prime factors of o.
13, 2707
Let u = 249 + -207. Let r(a) = 4*a**2 + 2*a - 2. Let c be r(-2). Let y = c + u. What are the prime factors of y?
2, 13
Let g(w) = 40*w + 20. Let d(v) = -7*v + 49. Let m be d(6). What are the prime factors of g(m)?
2, 3, 5
Let p be ((-12)/(-16))/(12/32). Suppose -3*q + 11 = 4*s, 3 = p*q + 2*s - 5. Suppose -q*l + 8*l = 285. List the prime factors of l.
5, 19
Suppose -2*n + 95*r = 98*r - 30306, 30318 = 2*n + r. List the prime factors of n.
2, 3, 7, 19
Let q = -30 + 34. Let y be ((-88)/5)/(q/(-10)). Let n = -29 + y. What are the prime factors of n?
3, 5
Let d(k) = 2*k**2 - 1. Let b be d(-3). Let n(v) = 2*v**2 - 21*v + 39. Let z be n(b). Suppose -z = -8*l +